{"id":480,"date":"2023-04-24T11:44:40","date_gmt":"2023-04-24T09:44:40","guid":{"rendered":"https:\/\/gsestrellapolar.es\/?page_id=480"},"modified":"2023-09-25T11:59:56","modified_gmt":"2023-09-25T09:59:56","slug":"videos","status":"publish","type":"page","link":"https:\/\/gsestrellapolar.es\/index.php\/videos\/","title":{"rendered":"V\u00eddeos"},"content":{"rendered":"<p><strong>CAMPAMENTO 2023: CELIS<\/strong><\/p>\n<div class=\"video\"><iframe loading=\"lazy\" title=\"Campamento Celis 2023\" width=\"640\" height=\"360\" src=\"https:\/\/www.youtube.com\/embed\/MovZ5K1zlDs?start=1444&#038;feature=oembed\" frameborder=\"0\" allow=\"accelerometer; autoplay; clipboard-write; encrypted-media; gyroscope; picture-in-picture; web-share\" referrerpolicy=\"strict-origin-when-cross-origin\" allowfullscreen><\/iframe><\/div>\n<p><strong>UNA ESTRELLA M\u00c1S: V\u00cdDEO DE PRESENTACI\u00d3N DE LA CANCI\u00d3N<\/strong><\/p>\n<div class=\"video\"><iframe loading=\"lazy\" title=\"Una estrella m\u00e1s: v\u00eddeo de presentaci\u00f3n de la canci\u00f3n.\" width=\"640\" height=\"360\" src=\"https:\/\/www.youtube.com\/embed\/8hGNd1J5ohs?feature=oembed\" frameborder=\"0\" allow=\"accelerometer; autoplay; clipboard-write; encrypted-media; gyroscope; picture-in-picture; web-share\" referrerpolicy=\"strict-origin-when-cross-origin\" allowfullscreen><\/iframe><\/div>\n<p><strong>50 A\u00d1OS DE HISTORIAS: EL DOCUMENTAL<\/strong><\/p>\n<div class=\"video\"><iframe loading=\"lazy\" title=\"50 a\u00f1os de historias: el documental\" width=\"640\" height=\"360\" src=\"https:\/\/www.youtube.com\/embed\/MYAJtnEe1mc?feature=oembed\" frameborder=\"0\" allow=\"accelerometer; autoplay; clipboard-write; encrypted-media; gyroscope; picture-in-picture; web-share\" referrerpolicy=\"strict-origin-when-cross-origin\" allowfullscreen><\/iframe><\/div>\n<p>&nbsp;<\/p>\n<p><strong>ACAMPADA PIEDRALAVES 2022<\/strong><\/p>\n<div class=\"video\"><iframe loading=\"lazy\" title=\"Acampada Piedralaves 2022\" width=\"640\" height=\"360\" src=\"https:\/\/www.youtube.com\/embed\/DskNyywpx78?start=25&#038;feature=oembed\" frameborder=\"0\" allow=\"accelerometer; autoplay; clipboard-write; encrypted-media; gyroscope; picture-in-picture; web-share\" referrerpolicy=\"strict-origin-when-cross-origin\" allowfullscreen><\/iframe><\/div>\n<p><strong>CAMPAMENTO 2022: PUEBLA DE LILLO<\/strong><\/p>\n<div class=\"video\"><iframe loading=\"lazy\" title=\"Campamento Puebla de Lillo 2022\" width=\"640\" height=\"360\" src=\"https:\/\/www.youtube.com\/embed\/8EwsNzudhrg?feature=oembed\" frameborder=\"0\" allow=\"accelerometer; autoplay; clipboard-write; encrypted-media; gyroscope; picture-in-picture; web-share\" referrerpolicy=\"strict-origin-when-cross-origin\" allowfullscreen><\/iframe><\/div>\n<p><strong>CAMPAMENTO 2021: PUENTE ASNIL<\/strong><\/p>\n<div class=\"video\"><iframe loading=\"lazy\" title=\"Campamento Puente Asnil 2021\" width=\"640\" height=\"360\" src=\"https:\/\/www.youtube.com\/embed\/PY8nQRSTlHw?start=1447&#038;feature=oembed\" frameborder=\"0\" allow=\"accelerometer; autoplay; clipboard-write; encrypted-media; gyroscope; picture-in-picture; web-share\" referrerpolicy=\"strict-origin-when-cross-origin\" allowfullscreen><\/iframe><\/div>\n<p><strong>CAMPAMENTO 2020: CERCEDILLA<\/strong><\/p>\n<div class=\"video\"><iframe loading=\"lazy\" title=\"Cercedilla 2020 (Covidmpamento)\" width=\"640\" height=\"360\" src=\"https:\/\/www.youtube.com\/embed\/8Iom8bgBAH8?start=261&#038;feature=oembed\" frameborder=\"0\" allow=\"accelerometer; autoplay; clipboard-write; encrypted-media; gyroscope; picture-in-picture; web-share\" referrerpolicy=\"strict-origin-when-cross-origin\" allowfullscreen><\/iframe><\/div>\n<p><strong>CAMPAMENTO 2017: B\u00c1RCENA DE PIE DE CONCHA<\/strong><\/p>\n<div class=\"video\"><iframe loading=\"lazy\" title=\"Campamento B\u00e1rcena Pie de Concha 2017\" width=\"640\" height=\"360\" src=\"https:\/\/www.youtube.com\/embed\/J6ILyD7Gz38?feature=oembed\" frameborder=\"0\" allow=\"accelerometer; autoplay; clipboard-write; encrypted-media; gyroscope; picture-in-picture; web-share\" referrerpolicy=\"strict-origin-when-cross-origin\" allowfullscreen><\/iframe><\/div>\n<p><strong>CAMPAMENTO 2016: SISTALLO<\/strong><\/p>\n<div class=\"video\"><iframe loading=\"lazy\" title=\"Campamento Sistallo 2016\" width=\"640\" height=\"360\" src=\"https:\/\/www.youtube.com\/embed\/OkfdoeLJ398?start=6&#038;feature=oembed\" frameborder=\"0\" allow=\"accelerometer; autoplay; clipboard-write; encrypted-media; gyroscope; picture-in-picture; web-share\" referrerpolicy=\"strict-origin-when-cross-origin\" allowfullscreen><\/iframe><\/div>\n<p><strong>CAMPAMENTO 2015: PUENTENANSA<\/strong><\/p>\n<div class=\"video\"><iframe loading=\"lazy\" title=\"Campamento Puentenansa 2015\" width=\"640\" height=\"360\" src=\"https:\/\/www.youtube.com\/embed\/xDDhrswwYzs?start=949&#038;feature=oembed\" frameborder=\"0\" allow=\"accelerometer; autoplay; clipboard-write; encrypted-media; gyroscope; picture-in-picture; web-share\" referrerpolicy=\"strict-origin-when-cross-origin\" allowfullscreen><\/iframe><\/div>\n<p><strong>CAMPAMENTO 2014: AISA<\/strong><\/p>\n<div class=\"video\"><iframe loading=\"lazy\" title=\"Campamento de verano Aisa 2014\" width=\"640\" height=\"360\" src=\"https:\/\/www.youtube.com\/embed\/s400z3NFL5s?feature=oembed\" frameborder=\"0\" allow=\"accelerometer; autoplay; clipboard-write; encrypted-media; gyroscope; picture-in-picture; web-share\" referrerpolicy=\"strict-origin-when-cross-origin\" allowfullscreen><\/iframe><\/div>\n<p><strong>CAMPAMENTO 2013: NIEVA DE CAMEROS<\/strong><\/p>\n<div class=\"video\"><iframe loading=\"lazy\" title=\"video campamento 2013 nieva de cameros\" width=\"640\" height=\"360\" src=\"https:\/\/www.youtube.com\/embed\/ibLBZQ1FFw8?start=668&#038;feature=oembed\" frameborder=\"0\" allow=\"accelerometer; autoplay; clipboard-write; encrypted-media; gyroscope; picture-in-picture; web-share\" referrerpolicy=\"strict-origin-when-cross-origin\" allowfullscreen><\/iframe><\/div>\n<p><strong>CAMPAMENTO 2012: POBLA DE SAN XULIAN<\/strong><\/p>\n<div class=\"video\"><iframe loading=\"lazy\" title=\"campamento G.S. Estrella Polar 2012\" width=\"640\" height=\"360\" src=\"https:\/\/www.youtube.com\/embed\/jFDTVXNIPZ8?start=82&#038;feature=oembed\" frameborder=\"0\" allow=\"accelerometer; autoplay; clipboard-write; encrypted-media; gyroscope; picture-in-picture; web-share\" referrerpolicy=\"strict-origin-when-cross-origin\" allowfullscreen><\/iframe><\/div>\n","protected":false},"excerpt":{"rendered":"<p>CAMPAMENTO 2023: CELIS UNA ESTRELLA M\u00c1S: V\u00cdDEO DE PRESENTACI\u00d3N DE LA CANCI\u00d3N 50 A\u00d1OS DE HISTORIAS: EL DOCUMENTAL &nbsp; ACAMPADA PIEDRALAVES 2022 CAMPAMENTO 2022: PUEBLA DE LILLO CAMPAMENTO 2021: PUENTE ASNIL CAMPAMENTO 2020: CERCEDILLA CAMPAMENTO 2017: B\u00c1RCENA DE PIE DE CONCHA CAMPAMENTO 2016: SISTALLO CAMPAMENTO 2015: PUENTENANSA CAMPAMENTO 2014: AISA CAMPAMENTO 2013: NIEVA DE CAMEROS CAMPAMENTO 2012: POBLA DE SAN XULIAN<\/p>\n","protected":false},"author":1,"featured_media":0,"parent":0,"menu_order":0,"comment_status":"closed","ping_status":"closed","template":"","meta":{"footnotes":""},"class_list":["post-480","page","type-page","status-publish","hentry"],"_links":{"self":[{"href":"https:\/\/gsestrellapolar.es\/index.php\/wp-json\/wp\/v2\/pages\/480","targetHints":{"allow":["GET"]}}],"collection":[{"href":"https:\/\/gsestrellapolar.es\/index.php\/wp-json\/wp\/v2\/pages"}],"about":[{"href":"https:\/\/gsestrellapolar.es\/index.php\/wp-json\/wp\/v2\/types\/page"}],"author":[{"embeddable":true,"href":"https:\/\/gsestrellapolar.es\/index.php\/wp-json\/wp\/v2\/users\/1"}],"replies":[{"embeddable":true,"href":"https:\/\/gsestrellapolar.es\/index.php\/wp-json\/wp\/v2\/comments?post=480"}],"version-history":[{"count":5,"href":"https:\/\/gsestrellapolar.es\/index.php\/wp-json\/wp\/v2\/pages\/480\/revisions"}],"predecessor-version":[{"id":508,"href":"https:\/\/gsestrellapolar.es\/index.php\/wp-json\/wp\/v2\/pages\/480\/revisions\/508"}],"wp:attachment":[{"href":"https:\/\/gsestrellapolar.es\/index.php\/wp-json\/wp\/v2\/media?parent=480"}],"curies":[{"name":"wp","href":"https:\/\/api.w.org\/{rel}","templated":true}]}}