{"id":96,"date":"2019-10-30T20:51:30","date_gmt":"2019-10-30T19:51:30","guid":{"rendered":"http:\/\/jlgimay.cluster028.hosting.ovh.net\/?page_id=96"},"modified":"2023-09-25T12:09:10","modified_gmt":"2023-09-25T10:09:10","slug":"kraal-fenix-scouters","status":"publish","type":"page","link":"https:\/\/gsestrellapolar.es\/index.php\/kraal-fenix-scouters\/","title":{"rendered":"Kraal F\u00e9nix-Scouters"},"content":{"rendered":"<p>El Kraal F\u00e9nix es la unidad en la que se encuadran las monitoras y los monitores del grupo. La procedencia es diversa, bien personas que han ido creciendo en el grupo hasta llegar a esta unidad, bien gente que nos ha conocido despu\u00e9s.<\/p>\n<p>Todos los monitores y monitoras somos voluntarios que creemos en el m\u00e9todo del Escultismo como una actividad \u00fatil, interesante y divertida para la educaci\u00f3n de los chavales. El Kraal coordina tanto la parte din\u00e1mica de desarrollo de actividades como la parte burocr\u00e1tica y asociativa del Grupo Scout.\u00a0<\/p>\n<p>\u00a0<\/p>\n\n\n<figure class=\"wp-block-image size-large\"><img loading=\"lazy\" decoding=\"async\" width=\"1024\" height=\"683\" src=\"https:\/\/gsestrellapolar.es\/wp-content\/uploads\/2023\/09\/81060077_10220593445890472_1132473461663334400_n-1024x683.jpg\" alt=\"\" class=\"wp-image-512\" srcset=\"https:\/\/gsestrellapolar.es\/wp-content\/uploads\/2023\/09\/81060077_10220593445890472_1132473461663334400_n-1024x683.jpg 1024w, https:\/\/gsestrellapolar.es\/wp-content\/uploads\/2023\/09\/81060077_10220593445890472_1132473461663334400_n-300x200.jpg 300w, https:\/\/gsestrellapolar.es\/wp-content\/uploads\/2023\/09\/81060077_10220593445890472_1132473461663334400_n-768x512.jpg 768w, https:\/\/gsestrellapolar.es\/wp-content\/uploads\/2023\/09\/81060077_10220593445890472_1132473461663334400_n-1536x1024.jpg 1536w, https:\/\/gsestrellapolar.es\/wp-content\/uploads\/2023\/09\/81060077_10220593445890472_1132473461663334400_n-600x400.jpg 600w, https:\/\/gsestrellapolar.es\/wp-content\/uploads\/2023\/09\/81060077_10220593445890472_1132473461663334400_n.jpg 1560w\" sizes=\"auto, (max-width: 1024px) 100vw, 1024px\" \/><\/figure>\n","protected":false},"excerpt":{"rendered":"<p>El Kraal F\u00e9nix es la unidad en la que se encuadran las monitoras y los monitores del grupo. La procedencia es diversa, bien personas que han ido creciendo en el grupo hasta llegar a esta unidad, bien gente que nos ha conocido despu\u00e9s. Todos los monitores y monitoras somos voluntarios que creemos en el m\u00e9todo del Escultismo como una actividad \u00fatil, interesante y divertida para la educaci\u00f3n de los chavales. El Kraal coordina tanto la parte din\u00e1mica de desarrollo de&hellip;<\/p>\n","protected":false},"author":1,"featured_media":0,"parent":0,"menu_order":0,"comment_status":"closed","ping_status":"closed","template":"","meta":{"footnotes":""},"class_list":["post-96","page","type-page","status-publish","hentry"],"_links":{"self":[{"href":"https:\/\/gsestrellapolar.es\/index.php\/wp-json\/wp\/v2\/pages\/96","targetHints":{"allow":["GET"]}}],"collection":[{"href":"https:\/\/gsestrellapolar.es\/index.php\/wp-json\/wp\/v2\/pages"}],"about":[{"href":"https:\/\/gsestrellapolar.es\/index.php\/wp-json\/wp\/v2\/types\/page"}],"author":[{"embeddable":true,"href":"https:\/\/gsestrellapolar.es\/index.php\/wp-json\/wp\/v2\/users\/1"}],"replies":[{"embeddable":true,"href":"https:\/\/gsestrellapolar.es\/index.php\/wp-json\/wp\/v2\/comments?post=96"}],"version-history":[{"count":3,"href":"https:\/\/gsestrellapolar.es\/index.php\/wp-json\/wp\/v2\/pages\/96\/revisions"}],"predecessor-version":[{"id":513,"href":"https:\/\/gsestrellapolar.es\/index.php\/wp-json\/wp\/v2\/pages\/96\/revisions\/513"}],"wp:attachment":[{"href":"https:\/\/gsestrellapolar.es\/index.php\/wp-json\/wp\/v2\/media?parent=96"}],"curies":[{"name":"wp","href":"https:\/\/api.w.org\/{rel}","templated":true}]}}